e the remainder when u(-4) is divided by y.
18
Let n = -6 - -6. Suppose n = -2*i - 3*b + 91, -b + 238 = 5*i + 3*b. What is the remainder when i is divided by 17?
16
Let t be 1/2*-5*16. Let g be (10/25)/(1/t). Let k = g + 28. Calculate the remainder when 47 is divided by k.
11
Suppose 0 = -3*k + 159 - 9. What is the remainder when k is divided by (6 - 3)/3 + 16?
16
Suppose 3*h + 7*h = 940. Calculate the remainder when h is divided by 24.
22
Suppose -7*p + 256 = 9*p. Let o = 190 - 113. Calculate the remainder when o is divided by p.
13
What is the remainder when 358 is divided by -5 - (-24 + -2 - 3)?
22
Suppose -4*t = -5*t + 20. Suppose -2*o = 1 + 3. Calculate the remainder when t is divided by (-23)/o + (-3)/6.
9
Let z = 8 - -1. Let x = 3 + 5. Calculate the remainder when x + -7 + 0 + 15 is divided by z.
7
Suppose o + 4*v - 27 = 0, 0 = 4*v - 0 + 12. Let j(a) = 2*a + 4. Calculate the remainder when o is divided by j(5).
11
Suppose -3*a + 45 = -90. What is the remainder when a is divided by 12?
9
Let b(h) be the first derivative of 7*h**3/3 + h**2/2 + h + 1. What is the remainder when (-6)/(-24) - 51/(-4) is divided by b(-1)?
6
Let k(j) = 25*j + 3. Calculate the remainder when k(2) is divided by 14.
11
Let a = 91 - 72. What is the remainder when 32 is divided by a?
13
Let x(q) = q + 25. Let g be x(0). Let p = -4 + 7. Suppose -4*w = -2*w + p*y - g, 5*y = 4*w + 5. What is the remainder when 14 is divided by w?
4
Suppose 0 = 3*p + 6. Suppose -s + 11 = 4*q, 2 - 6 = -4*s + 4*q. Calculate the remainder when (-7)/(-2) - 1/p is divided by s.
1
Let p = -38 + 59. What is the remainder when 79 is divided by p?
16
Let l(w) = -w**3 - w**2 - 2*w - 2. What is the remainder when l(-3) is divided by (21/(-3) - -3)*-2?
6
Suppose -9*x = -10*x + 23. Calculate the remainder when 43 is divided by x.
20
What is the remainder when 8 is divided by 3 + 2*(-2)/4 + 4?
2
Let c(k) = 4*k**2 + k - 2. Let x be c(-2). Let a = -4 + x. What is the remainder when 15 is divided by a?
7
Suppose 3*c + 5*t - 83 = 0, -2*t = -0*t + 10. Calculate the remainder when c is divided by 13.
10
What is the remainder when 31 is divided by 66/8 + 6/(-24)?
7
Suppose -4*s = 9 - 1. Calculate the remainder when 4 is divided by 1 + 6 + s - 2.
1
What is the remainder when ((-11)/(-2)*-5)/((-10)/20) is divided by 8?
7
Let i(o) = -o + 10. Let w be i(5). Suppose 0 = -4*h - w + 1. Let b(t) = -17*t**3 - 2*t**2 + 1. What is the remainder when b(h) is divided by 6?
4
Let u = 2 - -3. Suppose u - 20 = -s. Calculate the remainder when 57 is divided by s.
12
Let u be (8/10)/(8/100). Let w = u - 6. What is the remainder when 13 is divided by w?
1
Let z(g) be the third derivative of -g**4/12 + g**3/6 + g**2. What is the remainder when 55/3 - (-4)/6 is divided by z(-3)?
5
Suppose 19 = -3*g - 5*q, -3*g - 1 = 3*q + 8. Suppose g*b = b + 16. What is the remainder when b is divided by 9?
7
Let s be (1 + (2 - 3))/(-1). Suppose b + 0*b - 11 = s. Let a = 76 - 45. What is the remainder when a is divided by b?
9
Suppose -7 = 4*f - 15. Suppose 0 = q - 2*q + f. What is the remainder when (-4)/10 - 22/(-5) is divided by q?
0
Let a(k) be the first derivative of -13*k**2/2 + k - 1. What is the remainder when a(-1) is divided by 8?
6
Let g = 1 - 4. Let q = 8 + g. Let n(a) = -a**2 - 10*a + 10. What is the remainder when n(-9) is divided by q?
4
Let y(s) = -2*s + 6. Let f be y(4). Suppose 5*b - 57 = 4*b. What is the remainder when 1 - f*b/6 is divided by 11?
9
Let b(k) = -k**2 - k + 8. Let t be (-3)/(-15) - 3/15. Let p be b(t). Let r = p + -3. What is the remainder when 8 is divided by r?
3
Let x = 8 + -3. Suppose 24 = -3*h + 3*u, -3*u + 9 + 12 = -2*h. What is the remainder when x is divided by 2 - ((3 - 0) + h)?
1
Let u be (1/(-2))/((-8)/(-96)). What is the remainder when -5*(-16)/(-20)*u is divided by 13?
11
Suppose -4*o = -2*w + 88, -2*w + o = -61 - 36. Let p = 73 - w. What is the remainder when p is divided by 12?
11
Let c(j) = -j**2 + j. Let q be c(-5). Let g = 43 + q. Calculate the remainder when (1/(-3))/(2/(-222)) is divided by g.
11
Let s = -3 - -5. Let i = s + -10. Calculate the remainder when 37 is divided by i/(-32) + (-150)/(-8).
18
Calculate the remainder when 2/(-4*(-5)/1170) is divided by 20.
17
Suppose 3*a + 3*d - 54 = 0, -4*d - d = -4*a + 54. What is the remainder when 31 is divided by a?
15
Calculate the remainder when 49 is divided by 1860/105 - (-4)/14.
13
Let j(p) = p**2 + 10*p + 4. Let h be (-2)/(-2)*(-2 + 6). Suppose -4*b + 3*y + 5 + 48 = 0, -h*y = -4*b + 56. Calculate the remainder when b is divided by j(-10).
3
Calculate the remainder when 93 is divided by 2*(-16)/(-12)*12.
29
Let f = 31 + -16. Let n = 81 - 24. What is the remainder when n is divided by f?
12
Let v(c) = c**2 - 2*c**2 - 1 + 2*c + 9*c. Calculate the remainder when 33 is divided by v(9).
16
Suppose 4*q - 510 = 3*w - 4*w, -3*w = q - 122. Calculate the remainder when q is divided by 43.
42
Let q(m) = -m**3 - 6*m**2 + 4*m + 4. What is the remainder when 73 is divided by q(-7)?
23
Let m(r) = -r - 7. Let y be m(-10). Let z = 6 - y. What is the remainder when z is divided by 3?
0
Let u(d) = -d**3 - 4*d**2 + 6*d + 3. Let c be u(-5). Let z(i) = -11*i. What is the remainder when 43 is divided by z(c)?
21
Let q(v) = -2*v - 7. Let o be q(-5). Suppose 164 = o*a + a. Calculate the remainder when a is divided by 14.
13
Let r = 138 + 30. Calculate the remainder when r/36*(-6)/(-4) is divided by 2.
1
Suppose 0 = -t + 3*t - 20. Calculate the remainder when 18 is divided by t.
8
Let i(q) be the second derivative of -q**5/20 + 5*q**4/12 - q**3/2 - 3*q**2/2 + 10*q. What is the remainder when i(3) is divided by 2?
0
Calculate the remainder when 41 is divided by (-206)/(-14) + (-8)/(-28).
11
Suppose 90 = 4*o - o. Let d = 52 - o. Suppose -3*p + 65 = -d. What is the remainder when p is divided by 15?
14
Let m be (-7 - -9) + (-14)/(-1). What is the remainder when 60 is divided by 3 + -1 + -2 + m?
12
Suppose -2*k = -2*z + 60, 45 = -z + 3*z + 3*k. What is the remainder when 50 is divided by z?
23
Suppose 0 = 2*j + 8, -2*j - 7 = 5*d + 11. What is the remainder when 33 is divided by d/(0 - 2/17)?
16
Suppose -3 = -0*l - l. Let s(i) = 14*i - 4. Calculate the remainder when s(l) is divided by 10.
8
Suppose 28 + 47 = 3*m + 3*b, 5*m = -b + 129. Let j(o) = -3*o - 5. What is the remainder when m is divided by j(-4)?
5
Let d = -1 + 3. Let v(a) = -a**3 + 4*a**2 + 5*a + 5. Calculate the remainder when v(5) is divided by d.
1
Let r(w) = -w**3 + 5*w**2 + 6*w + 5. Let j be r(6). Suppose j*k - 31 = 4. Calculate the remainder when 18 is divided by k.
4
Let a(d) = d**2 + 4*d. Let s be a(-5). Suppose n = -5*b + s*n - 45, b - 3*n = -9. Let k = 27 - b. What is the remainder when k is divided by 19?
17
What is the remainder when 521/3 + -2 + 12/9 is divided by 22?
19
Calculate the remainder when 4*4*140/40 is divided by 19.
18
Suppose 0 = -2*y + 127 + 3. Calculate the remainder when y is divided by 22.
21
Let v = 10 + 0. What is the remainder when 47 is divided by v?
7
Calculate the remainder when -4 + 6/3 - -9 is divided by 4.
3
Let d(n) = -n**3 - n**2 - n - 1. Let l be d(0). Let k(o) = 7*o**3 + 2*o**2 + o. Let q be k(l). What is the remainder when (5 + q)/(2/(-62)) is divided by 11?
9
Suppose 0 = 4*x - 6*x + 10. What is the remainder when 7 is divided by x?
2
Let f(r) be the first derivative of -r**4/4 + 11*r**3/3 - 5*r**2 - 5*r - 6. Calculate the remainder when f(9) is divided by 17.
16
What is the remainder when 21 is divided by 4 + 4 + (-4)/1?
1
Let z(f) = -f**2 - 4*f + 47. Calculate the remainder when z(0) is divided by 17.
13
Let a(u) = u**3 - 8*u**2 + 10*u - 5. Let i(v) = v**2 - 3*v - 3. Let c be i(3). Calculate the remainder when a(7) is divided by 0 - -4 - (c + 1).
4
Let c(p) = p**2 - 5*p - 10. Let r be c(7). Let m(t) = -t**3 + 4*t**2 + 3*t - 1. Calculate the remainder when m(r) is divided by 7.
4
Let l be -2*(1 + (-5)/2). Suppose 5*m - 25 = 4*x, 3*x = 4*m - 27 + 7. Suppose -l*j - 14 = -m*j. Calculate the remainder when 12 is divided by j.
5
Let f(g) = 5*g**2 - 2*g - 2. What is the remainder when 69 is divided by f(2)?
13
Suppose -4*x = 4*c - 3*x - 36, -60 = -4*c + 5*x. Let l = 4 + c. What is the remainder when l is divided by 4?
2
Suppose 2*z + 5*g - 24 = 0, 3*z + 3*g = 13 + 23.